3
Convert 132 (base 5) to base 10.
42
5 (base 8) to base 5
10
What is -14 (base 11) in base 6?
-23
30 (base 5) to base 13
12
7 (base 12) to base 13
7
17 (base 15) to base 9
24
What is 11111 (base 2) in base 11?
29
5 (base 8) to base 11
5
21112 (base 3) to base 4
3023
Convert -1c (base 15) to base 13.
-21
Convert 6 (base 11) to base 3.
20
Convert -2 (base 11) to base 4.
-2
What is -2 (base 9) in base 6?
-2
What is 10 (base 2) in base 15?
2
-12 (base 10) to base 14
-c
Convert 31 (base 5) to base 9.
17
Convert ad (base 15) to base 12.
117
What is 110 (base 3) in base 6?
20
166 (base 9) to base 11
119
What is -8 (base 9) in base 15?
-8
What is 10 (base 2) in base 15?
2
-32 (base 16) to base 13
-3b
2 (base 7) to base 11
2
Convert -203 (base 8) to base 14.
-95
Convert -133 (base 7) to base 10.
-73
Convert 24 (base 10) to base 4.
120
What is 23 (base 6) in base 9?
16
Convert 9 (base 12) to base 11.
9
What is -51 (base 13) in base 5?
-231
Convert 3 (base 15) to base 7.
3
What is -42 (base 13) in base 9?
-60
Convert 17 (base 9) to base 12.
14
What is 53 (base 9) in base 8?
60
Convert 0 (base 16) to base 10.
0
What is 10000 (base 2) in base 13?
13
What is -5 (base 7) in base 8?
-5
What is 10 (base 13) in base 3?
111
What is 1 (base 9) in base 8?
1
-98 (base 12) to base 6
-312
Convert -1120 (base 3) to base 4.
-222
What is 1 (base 15) in base 8?
1
-111000 (base 2) to base 15
-3b
6a (base 15) to base 4
1210
12 (base 3) to base 9
5
Convert -1 (base 15) to base 3.
-1
What is -81 (base 13) in base 12?
-89
Convert 31 (base 5) to base 3.
121
What is 15 (base 9) in base 14?
10
2 (base 8) to base 14
2
Convert a (base 12) to base 13.
a
35 (base 6) to base 16
17
What is 11 (base 3) in base 12?
4
20 (base 9) to base 16
12
Convert 3 (base 11) to base 9.
3
7 (base 13) to base 12
7
Convert 3 (base 15) to base 8.
3
Convert 10 (base 3) to base 5.
3
What is 172 (base 9) in base 6?
402
Convert d (base 14) to base 12.
11
What is 121 (base 7) in base 2?
1000000
-243 (base 5) to base 7
-133
1012 (base 5) to base 16
84
What is -301 (base 7) in base 9?
-174
5 (base 10) to base 14
5
Convert -8 (base 15) to base 9.
-8
What is -67 (base 9) in base 3?
-2021
Convert 18 (base 11) to base 5.
34
2 (base 4) to base 3
2
Convert -4 (base 6) to base 2.
-100
Convert -1311 (base 5) to base 8.
-316
What is -10 (base 5) in base 14?
-5
What is 9b (base 16) in base 3?
12202
Convert 1 (base 10) to base 13.
1
-1 (base 4) to base 5
-1
-110 (base 4) to base 12
-18
Convert -112 (base 5) to base 14.
-24
Convert -5 (base 15) to base 3.
-12
Convert -17 (base 9) to base 7.
-22
Convert -26 (base 12) to base 11.
-28
Convert -64 (base 14) to base 3.
-10021
Convert 44 (base 7) to base 11.
2a
What is 96 (base 13) in base 3?
11120
Convert 110 (base 11) to base 10.
132
Convert 4f (base 16) to base 12.
67
a (base 11) to base 2
1010
211 (base 10) to base 3
21211
Convert 1 (base 11) to base 16.
1
Convert 301 (base 10) to base 4.
10231
5 (base 13) to base 15
5
Convert -a6 (base 15) to base 7.
-312
What is 0 (base 13) in base 6?
0
What is -3031 (base 4) in base 13?
-12a
Convert 10000 (base 2) to base 16.
10
Convert -1a (base 14) to base 5.
-44
Convert 4 (base 6) to base 16.
4
What is 1 (base 10) in base 6?
1
9 (base 15) to base 10
9
-3 (base 10) to base 9
-3
Convert -56 (base 10) to base 3.
-2002
What is 12 (base 4) in base 9?
6
What is -1 (base 12) in base 15?
-1
2220 (base 5) to base 7
622
What is 3d (base 15) in base 13?
46
0 (base 9) to base 14
0
Convert -118 (base 15) to base 7.
-503
What is -45 (base 6) in base 9?
-32
2 (base 14) to base 6
2
Convert -2 (base 10) to base 15.
-2
11110 (base 2) to base 5
110
Convert 2 (base 5) to base 11.
2
What is -153 (base 10) in base 3?
-12200
-1 (base 5) to base 14
-1
What is -31 (base 6) in base 13?
-16
78 (base 9) to base 5
241
Convert -20 (base 8) to base 9.
-17
31 (base 6) to base 13
16
-5 (base 14) to base 10
-5
What is 3 (base 15) in base 8?
3
100 (base 2) to base 8
4
Convert d2 (base 15) to base 14.
101
1a (base 15) to base 16
19
Convert -1 (base 3) to base 7.
-1
What is -7 (base 15) in base 5?
-12
1b (base 15) to base 5
101
-24 (base 14) to base 2
-100000
Convert -26 (base 7) to base 15.
-15
Convert 1010 (base 2) to base 4.
22
Convert ba (base 14) to base 3.
20002
What is 200 (base 8) in base 15?
88
Convert -8 (base 10) to base 14.
-8
What is 35 (base 12) in base 4?
221
5 (base 6) to base 7
5
a (base 14) to base 2
1010
13 (base 7) to base 9
11
141 (base 7) to base 13
60
What is -100 (base 3) in base 8?
-11
Convert -107 (base 9) to base 4.
-1120
Convert -212 (base 4) to base 16.
-26
What is -37 (base 15) in base 5?
-202
5 (base 11) to base 10
5
21 (base 9) to base 13
16
Convert 4 (base 14) to base 2.
100
Convert -b (base 13) to base 8.
-13
-5 (base 6) to base 5
-10
What is -1 (base 15) in base 8?
-1
4 (base 7) to base 3
11
Convert -10 (base 5) to base 14.
-5
Convert -4b (base 15) to base 2.
-1000111
What is 0 (base 9) in base 6?
0
What is 1202 (base 3) in base 10?
47
-5 (base 10) to base 9
-5
Convert 21 (base 5) to base 12.
b
Convert 37 (base 9) to base 14.
26
Convert 115 (base 6) to base 13.
38
What is -111 (base 3) in base 7?
-16
1 (base 14) to base 5
1
What is -6 (base 13) in base 14?
-6
2 (base 13) to base 8
2
-10220 (base 3) to base 16
-69
Convert -133 (base 9) to base 3.
-11010
Convert -52 (base 15) to base 14.
-57
What is -2 (base 12) in base 13?
-2
-9 (base 12) to base 6
-13
What is 2 (base 15) in base 13?
2
What is 12 (base 13) in base 3?
120
Convert -11b (base 13) to base 10.
-193
What is -15 (base 7) in base 14?
-c
Convert -34 (base 13) to base 10.
-43
What is a6 (base 16) in base 12?
11a
Convert 0 (base 14) to base 15.
0
3 (base 16) to base 10
3
Convert -164 (base 9) to base 5.
-1024
What is -3 (base 11) in base 4?
-3
Convert -1 (base 16) to base 15.
-1
101 (base 4) to base 8
21
Convert -126 (base 12) to base 15.
-b9
Convert 1101 (base 3) to base 10.
37
Convert -101 (base 3) to base 10.
-10
Convert -5 (base 16) to base 14.
-5
What is 0 (base 12) in base 6?
0
Convert 2 (base 15) to base 13.
2
What is 4 (base 8) in base 3?
11
-ab (base 16) to base 11
-146
12 (base 11) to base 10
13
Convert -13 (base 8) to base 14.
-b
What is -59 (base 10) in base 4?
-323
-6 (base 16) to base 2
-110
What is -1002 (base 4) in base 13?
-51
Convert -8 (base 10) to base 15.
-8
Convert -2 (base 9) to base 6.
-2
What is -135 (base 6) in base 9?
-65
What is 3 (base 7) in base 4?
3
What is -2 (base 9) in base 12?
-2
Convert -1 (base 4) to base 15.
-1
23 (base 15) to base 14
25
202 (base 3) to base 7
26
What is -8 (base 9) in base 3?
-22
What is -132 (base 8) in base 5?
-330
What is -6 (base 12) in base 7?
-6
What is -25 (base 16) in base 15?
-27
3b (base 14) to base 5
203
Convert -52 (base 15) to base 11.
-70
-103 (base 6) to base 4
-213
1d (base 15) to base 3
1001
-58 (base 9) to base 10
-53
What is 2d (base 15) in base 9?
47
Convert 1000 (base 2) to base 10.
8
Convert -3 (base 5) to base 10.
-3
Convert -2012 (base 3) to base 5.
-214
-5 (base 6) to base 13
-5
b (base 14) to base 13
b
What is 10201 (base 3) in base 7?
202
5 (base 16) to base 11
5
Convert -1000 (base 2) to base 14.
-8
-37 (base 11) to base 2
-101000
Convert 23 (base 5) to base 13.
10
4 (base 15) to base 5
4
What is -16 (base 16) in base 11?
-20
What is -5 (base 9) in base 2?
-101
What is 4 (base 14) in base 12?
4
What is -29 (base 16) in base 9?
-45
Convert -12011 (base 3) to base 16.
-8b
2122 (base 4) to base 5
1104
What is 0 (base 13) in base 5?
0
What is 0 (base 11) in base 6?
0
Convert -1 (base 8) to base 5.
-1
-2 (base 16) to base 7
-2
What is -102 (base 5) in base 12?
-23
What is -6 (base 14) in base 7?
-6
-4 (base 12) to base 16
-4
Convert -20 (base 6) to base 15.
-c
What is -7 (base 14) in base 7?
-10
2d (base 14) to base 12
35
Convert b4 (base 15) to base 10.
169
What is -33 (base 16) in base 8?
-63
What is -74 (base 14) in base 8?
-146
30 (base 8) to base 2
11000
What is 0 (base 9) in base 16?
0
What is -1 (base 14) in base 9?
-1
What is -1 (base 9) in base 13?
-1
-c (base 14) to base 12
-10
114 (base 11) to base 10
136
What is -200 (base 4) in base 12?
-28
Convert 2 (base 3) to base 8.
2
What is 3 (base 8) in base 6?
3
Convert -3 (base 6) to base 16.
-3
What is -3 (base 8) in base 7?
-3
What is -2 (ba